1?
7
What is the hundreds digit of 11672361?
3
What is the millions digit of 2853447?
2
What is the thousands digit of 1506014?
6
What is the thousands digit of 1703784?
3
What is the hundred thousands digit of 1072335?
0
What is the thousands digit of 489736?
9
What is the ten thousands digit of 3638833?
3
What is the units digit of 343230?
0
What is the tens digit of 777585?
8
What is the ten millions digit of 14161421?
1
What is the millions digit of 16474371?
6
What is the hundred thousands digit of 749486?
7
What is the units digit of 29361932?
2
What is the hundred thousands digit of 558797?
5
What is the ten thousands digit of 4354970?
5
What is the millions digit of 1065979?
1
What is the tens digit of 1746977?
7
What is the ten thousands digit of 9607821?
0
What is the hundred thousands digit of 773906?
7
What is the hundred thousands digit of 1527492?
5
What is the thousands digit of 128668?
8
What is the hundred thousands digit of 1773183?
7
What is the millions digit of 3012782?
3
What is the units digit of 2592206?
6
What is the units digit of 1135765?
5
What is the units digit of 245143?
3
What is the thousands digit of 5029661?
9
What is the hundred thousands digit of 8858468?
8
What is the hundred thousands digit of 901355?
9
What is the thousands digit of 678662?
8
What is the thousands digit of 454857?
4
What is the units digit of 8787331?
1
What is the tens digit of 374420?
2
What is the tens digit of 9277?
7
What is the ten thousands digit of 221432?
2
What is the thousands digit of 15625?
5
What is the units digit of 2724387?
7
What is the ten thousands digit of 7091607?
9
What is the ten thousands digit of 1179236?
7
What is the ten thousands digit of 474954?
7
What is the ten thousands digit of 3333531?
3
What is the thousands digit of 84716?
4
What is the units digit of 812099?
9
What is the hundred thousands digit of 2232557?
2
What is the tens digit of 1457399?
9
What is the hundreds digit of 970931?
9
What is the thousands digit of 5268685?
8
What is the hundred thousands digit of 18225440?
2
What is the tens digit of 7407894?
9
What is the hundred thousands digit of 172338?
1
What is the thousands digit of 677994?
7
What is the units digit of 2582115?
5
What is the ten thousands digit of 182709?
8
What is the tens digit of 18177426?
2
What is the millions digit of 1406735?
1
What is the tens digit of 5227308?
0
What is the hundreds digit of 9447860?
8
What is the tens digit of 1545083?
8
What is the units digit of 8653359?
9
What is the tens digit of 96254?
5
What is the hundred thousands digit of 191573?
1
What is the thousands digit of 101794?
1
What is the ten thousands digit of 580190?
8
What is the ten thousands digit of 1354199?
5
What is the millions digit of 12193382?
2
What is the millions digit of 4913563?
4
What is the hundred thousands digit of 2379122?
3
What is the thousands digit of 113753?
3
What is the units digit of 2117017?
7
What is the tens digit of 6382343?
4
What is the thousands digit of 887467?
7
What is the units digit of 2812708?
8
What is the hundreds digit of 545506?
5
What is the ten thousands digit of 2114251?
1
What is the hundreds digit of 1131806?
8
What is the thousands digit of 175253?
5
What is the units digit of 29174837?
7
What is the tens digit of 1747941?
4
What is the units digit of 56252?
2
What is the thousands digit of 155127?
5
What is the tens digit of 213223?
2
What is the millions digit of 1393670?
1
What is the thousands digit of 579196?
9
What is the ten thousands digit of 416624?
1
What is the hundred thousands digit of 10899275?
8
What is the hundreds digit of 45306?
3
What is the thousands digit of 433847?
3
What is the thousands digit of 330790?
0
What is the ten thousands digit of 2423254?
2
What is the millions digit of 1403833?
1
What is the units digit of 48535?
5
What is the thousands digit of 1432690?
2
What is the ten millions digit of 10758180?
1
What is the hundreds digit of 1350051?
0
What is the millions digit of 6804292?
6
What is the hundreds digit of 166880?
8
What is the ten thousands digit of 1453951?
5
What is the hundreds digit of 485280?
2
What is the hundreds digit of 607012?
0
What is the millions digit of 7757985?
7
What is the hundreds digit of 425321?
3
What is the hundred thousands digit of 322434?
3
What is the hundred thousands digit of 2425789?
4
What is the ten thousands digit of 3223417?
2
What is the ten thousands digit of 193416?
9
What is the hundreds digit of 4777?
7
What is the hundred thousands digit of 172187?
1
What is the tens digit of 616813?
1
What is the ten millions digit of 10376460?
1
What is the thousands digit of 414728?
4
What is the tens digit of 1667322?
2
What is the units digit of 311384?
4
What is the tens digit of 381971?
7
What is the hundreds digit of 1870849?
8
What is the ten thousands digit of 877744?
7
What is the hundred thousands digit of 3058756?
0
What is the ten thousands digit of 493124?
9
What is the ten thousands digit of 103488?
0
What is the hundreds digit of 3677326?
3
What is the millions digit of 1680348?
1
What is the hundreds digit of 5356309?
3
What is the ten thousands digit of 61912?
6
What is the ten thousands digit of 7743302?
4
What is the ten thousands digit of 25334614?
3
What is the units digit of 112748?
8
What is the hundred thousands digit of 742129?
7
What is the thousands digit of 205072?
5
What is the tens digit of 1253272?
7
What is the tens digit of 2297366?
6
What is the hundred thousands digit of 2977143?
9
What is the hundred thousands digit of 7234246?
2
What is the units digit of 432993?
3
What is the units digit of 36499?
9
What is the hundreds digit of 397293?
2
What is the hundred thousands digit of 122736?
1
What is the units digit of 5088015?
5
What is the units digit of 1218041?
1
What is the units digit of 18811677?
7
What is the hundreds digit of 804479?
4
What is the thousands digit of 25766484?
6
What is the hundred thousands digit of 340928?
3
What is the hundreds digit of 1836480?
4
What is the units digit of 146535?
5
What is the tens digit of 56375?
7
What is the units digit of 19348589?
9
What is the millions digit of 2519217?
2
What is the hundred thousands digit of 366168?
3
What is the tens digit of 2456514?
1
What is the ten thousands digit of 4171862?
7
What is the hundred thousands digit of 293125?
2
What is the thousands digit of 44127?
4
What is the units digit of 95112?
2
What is the hundred thousands digit of 2107185?
1
What is the thousands digit of 786483?
6
What is the hundred thousands digit of 637996?
6
What is the thousands digit of 8268387?
8
What is the hundred thousands digit of 222659?
2
What is the hundreds digit of 451062?
0
What is the hundreds digit of 3473028?
0
What is the units digit of 395377?
7
What is the ten millions digit of 10227989?
1
What is the tens digit of 178632?
3
What is the units digit of 262008?
8
What is the thousands digit of 1752134?
2
What is the thousands digit of 393889?
3
What is the tens digit of 5187302?
0
What is the ten thousands digit of 38897?
3
What is the units digit of 2074457?
7
What is the hundreds digit of 122090?
0
What is the units digit of 766450?
0
What is the hundred thousands digit of 4767705?
7
What is the ten thousands digit of 361106?
6
What is the tens digit of 228009?
0
What is the units digit of 270008?
8
What is the ten thousands digit of 448778?
4
What is the hundreds digit of 1342610?
6
What is the hundred thousands digit of 6430992?
4
What is the millions digit of 2129328?
2
What is the millions digit of 7737620?
7
What is the hundred thousands digit of 10774831?
7
What is the hundreds digit of 421537?
5
What is the tens digit of 1095031?
3
What is the units digit of 1777077?
7
What is the ten thousands digit of 990979?
9
What is the units digit of 675001?
1
What is the ten thousands digit of 11998743?
9
What is the tens digit of 3559517?
1
What is the tens digit of 287838?
3
What is the units digit of 2242928?
8
What is the ten thousands digit of 130304?
3
What is the millions digit of 2633747?
2
What is the tens digit of 287207?
0
What is the tens digit of 7573264?
6
What is the hundred thousands digit of 15763547?
7
What is the ten thousands digit of 12860539?
6
What 